
-99998
What is -3661452 (base 9) in base 4?
-13211213123
What is 2745226 (base 8) in base 7?
6365640
Convert 7363 (base 12) to base 4.
3010323
Convert 518658 (base 13) to base 6.
104445213
Convert 2241141 (base 5) to base 13.
15391
-1000011100100111101110 (base 2) to base 10
-2214382
Convert 343045b (base 12) to base 15.
d2cb25
453634 (base 7) to base 9
132474
-812893 (base 10) to base 15
-110ccd
-445364 (base 7) to base 3
-11000000022
-14203010 (base 6) to base 7
-4050324
What is 22332331100 (base 4) in base 3?
12102021200012
What is 7c5cd (base 15) in base 9?
663424
What is -11eb7a (base 15) in base 12?
-355714
-10858 (base 9) to base 2
-1110001011110
What is -2378108 (base 9) in base 13?
-363032
-6538324 (base 9) to base 8
-15306647
11121021341 (base 5) to base 13
27108a9
Convert 274244 (base 16) to base 8.
11641104
613642 (base 14) to base 12
111b1a2
What is 2261 (base 9) in base 10?
1675
What is 3835405 (base 10) in base 5?
1440213110
-257bbb3 (base 12) to base 15
-9ac3dc
Convert -10221100110212 (base 3) to base 7.
-23535635
232879 (base 10) to base 14
60c23
What is -3332550 (base 7) in base 2?
-1100100011110010001
23133300 (base 5) to base 2
110010111010111111
What is 639bc3 (base 13) in base 8?
10721000
Convert 1011100000100011110101 (base 2) to base 14.
587685
Convert 38938a1 (base 11) to base 5.
3211134212
Convert -134333603 (base 7) to base 2.
-100001011011111000110000
Convert -12001003200 (base 4) to base 5.
-400432214
What is 100001110011111011010 (base 2) in base 3?
2002021210110
-2621024 (base 8) to base 7
-6126113
Convert 247633 (base 10) to base 14.
66361
Convert 34bd32 (base 15) to base 14.
4988b8
a5b97 (base 15) to base 7
4316530
1221002 (base 7) to base 2
100110001011111010
-1220201002021 (base 3) to base 10
-1017745
-11101111001111110110010 (base 2) to base 9
-15668000
245d8 (base 15) to base 9
186205
Convert -640224 (base 7) to base 5.
-12014222
17675 (base 9) to base 5
342333
What is -1022201011011 (base 3) in base 16?
-ab994
What is 150343535 (base 6) in base 15?
41613e
23168 (base 11) to base 9
50818
Convert -10501303 (base 6) to base 4.
-1031322213
What is -24410653 (base 8) in base 15?
-713950
81158 (base 10) to base 11
55a80
5e6be8 (base 15) to base 12
1624848
Convert -59053 (base 12) to base 16.
-1d1ff
What is -82b83 (base 13) in base 11?
-150499
Convert -3bb52 (base 12) to base 4.
-110032232
-4420a (base 14) to base 5
-20240132
What is 322a07 (base 12) in base 14?
168d39
Convert 76bba6 (base 15) to base 5.
2422043011
2184c (base 13) to base 10
60735
-122012222010 (base 3) to base 12
-1441a9
What is -314757 (base 16) in base 8?
-14243527
What is 3300312 (base 7) in base 8?
1424104
What is -316a11 (base 14) in base 8?
-6276267
What is -61875 (base 16) in base 7?
-3252441
What is 111101202202 (base 3) in base 15?
5321e
-280265 (base 9) to base 3
-22200022012
What is -21341202 (base 6) in base 16?
-9b1c2
Convert -42322 (base 7) to base 6.
-120221
Convert 2c714d (base 16) to base 12.
b85639
What is 261448 (base 10) in base 14?
6b3cc
Convert -271109 (base 14) to base 10.
-1347509
What is 1010111100000100110111 (base 2) in base 7?
33242043
-476775 (base 13) to base 6
-100232200
What is 21001020021211 (base 3) in base 6?
212130551
What is 2876218 (base 9) in base 12?
645822
-3135ad (base 14) to base 3
-10010101210220
Convert -3c1be (base 16) to base 5.
-30334311
-5704c6 (base 16) to base 6
-322122034
Convert -436f27 (base 16) to base 14.
-8307b1
What is 80f29 (base 16) in base 12?
2157a1
Convert 131210411 (base 6) to base 3.
11212020022121
Convert -1710553 (base 9) to base 14.
-1aac18
-2014547 (base 9) to base 12
-438a07
What is 11010101101101010 (base 2) in base 9?
176075
Convert 158494 (base 11) to base 9.
413667
Convert -1842a29 (base 12) to base 10.
-5064513
Convert a0a674 (base 13) to base 5.
1424023014
-1220265 (base 7) to base 11
-a73aa
What is -1e042 (base 16) in base 11?
-8440a
14160121 (base 7) to base 11
825894
Convert -31520104 (base 8) to base 7.
-111111312
Convert 91ddd (base 16) to base 9.
1110514
What is -2023221101 (base 4) in base 6?
-20132025
What is -1110113 (base 6) in base 7?
-321414
-16c955 (base 15) to base 5
-240340410
What is -3b85f4 (base 16) in base 11?
-22248a8
1220021111200 (base 3) to base 5
224244210
Convert 22301121003 (base 4) to base 3.
12022110110020
What is 49198 (base 13) in base 12?
65887
-891530 (base 16) to base 12
-3012ba8
42078 (base 14) to base 7
1232211
-10212022122010 (base 3) to base 7
-23311242
-1751592 (base 10) to base 13
-49435b
What is 1215400 (base 8) in base 14?
89d16
What is -281370 (base 12) in base 2?
-10100010100011000100
What is -51244644 (base 7) in base 14?
-7d5c24
Convert -3121133023 (base 5) to base 10.
-6427263
Convert 40259a (base 15) to base 16.
2e7890
-1d8ddc (base 15) to base 12
-599900
Convert 26d646 (base 16) to base 14.
4a37b8
What is 4062750 (base 8) in base 12?
439ab4
What is -423040 (base 7) in base 14?
-1c8c7
What is -41065071 (base 8) in base 15?
-b6639a
What is 8db48 (base 16) in base 6?
20235052
Convert 32751 (base 12) to base 15.
14b8d
-1130333421 (base 5) to base 4
-21320102211
-1a68abb (base 13) to base 15
-b76c50
What is -3220330 (base 6) in base 2?
-100110101000011110
What is -1210011122 (base 3) in base 10?
-35117
Convert -b0450 (base 15) to base 14.
-107426
Convert -1532034 (base 6) to base 14.
-24a7c
What is -350552 (base 10) in base 7?
-2660006
Convert 25077757 (base 8) to base 14.
a421d5
Convert -1131065 (base 9) to base 16.
-95291
-1043504 (base 6) to base 2
-1100110111000000
What is 1411302202 (base 5) in base 8?
15634354
Convert -57357 (base 9) to base 10.
-38203
What is -114286 (base 9) in base 4?
-100302132
11110122100 (base 3) to base 15
1b0d3
-10333114 (base 5) to base 13
-31b36
33176242 (base 8) to base 11
4039349
Convert 1112120122 (base 4) to base 15.
6ec7d
Convert 20030100023 (base 4) to base 16.
20c40b
Convert -3131033321 (base 4) to base 3.
-1201001010012
236417 (base 8) to base 14
21819
-10a2b22 (base 12) to base 7
-36120545
What is -2010320311 (base 4) in base 15?
-ab424
Convert -2030323304 (base 5) to base 16.
-3f5998
11484 (base 12) to base 2
101101001100100
What is 123035531 (base 6) in base 11?
138966a
257899 (base 12) to base 15
c2209
What is -43100251 (base 8) in base 12?
-3100835
Convert 12330220333 (base 4) to base 2.
110111100101000111111
What is 7189ed (base 15) in base 16?
52542a
Convert 55d0a9 (base 14) to base 4.
23020022131
What is -100110110001000000010111 (base 2) in base 9?
-21107822
-27207 (base 10) to base 14
-9cb5
Convert -98a63 (base 12) to base 9.
-337033
Convert c00d75 (base 14) to base 3.
110011000201002
-2b28c4 (base 14) to base 11
-939083
Convert 111121002020 (base 3) to base 7.
2163120
What is -51d30 (base 15) in base 9?
-434830
Convert 5a883 (base 13) to base 16.
2895a
202012110210222 (base 3) to base 6
1022042212
-465074 (base 10) to base 2
-1110001100010110010
Convert 13665143 (base 8) to base 10.
3107427
What is 30011122 (base 4) in base 9?
74807
Convert -57c11 (base 15) to base 16.
-443aa
-22287 (base 12) to base 10
-45319
Convert 635216 (base 8) to base 16.
33a8e
-46443244 (base 8) to base 7
-151640023
-57dd (base 14) to base 13
-6c5c
Convert 520704 (base 8) to base 6.
3410312
What is 1c0e4 (base 15) in base 6?
1542511
2a429 (base 13) to base 5
10023203
Convert -102201000 (base 3) to base 10.
-8532
1003542 (base 8) to base 6
5354214
What is -20438 (base 10) in base 13?
-93c2
Convert 143964 (base 11) to base 14.
5bcab
What is 23996 (base 11) in base 10?
34469
Convert -1c4762 (base 16) to base 9.
-3434202
What is 3016727 (base 8) in base 2?
11000001110111010111
-636117 (base 12) to base 14
-2ca85d
What is 222020001 (base 5) in base 16?
ecd11
What is 1474546 (base 9) in base 13?
227ab7
3331013022 (base 4) to base 6
34115430
Convert -54c62 (base 16) to base 9.
-578275
1002201100 (base 3) to base 15
6643
What is 15bca2b (base 13) in base 12?
2429854
What is -1011000101100111010101 (base 2) in base 10?
-2906581
-2421342324 (base 5) to base 7
-66022403
What is 44310 (base 11) in base 6?
1213302
-10204b (base 14) to base 4
-2010222103
5013700 (base 10) to base 6
255243324
What is 26099b (base 13) in base 2?
11011111100010010001
3126720 (base 8) to base 5
203042203
Convert -1085856 (base 9) t